{"id":710,"date":"2022-09-30T08:25:50","date_gmt":"2022-09-30T06:25:50","guid":{"rendered":"http:\/\/ala-institut.de\/?page_id=710"},"modified":"2022-11-24T11:11:07","modified_gmt":"2022-11-24T10:11:07","slug":"gestaltung-von-technik-und-organisation-fuer-aeltere-patienten-in-kliniken-und-senioren-einrichtungen","status":"publish","type":"page","link":"http:\/\/ala-institut.de\/?page_id=710","title":{"rendered":"Gestaltung von Umwelt, Organisation und Technik f\u00fcr station\u00e4re Patienten und Altenheimbewohner"},"content":{"rendered":"\n<div class=\"wp-block-columns is-layout-flex wp-container-core-columns-is-layout-1 wp-block-columns-is-layout-flex\">\n<div class=\"wp-block-column is-layout-flow wp-block-column-is-layout-flow\" style=\"flex-basis:33.33%\">\n<figure class=\"wp-block-image size-large\"><img decoding=\"async\" src=\"http:\/\/ala-institut.de\/alawp\/wp-content\/uploads\/2022\/11\/Alte-Frau-im-Rollstuhl-unsplash-1024x768.jpg\" alt=\"\" class=\"wp-image-729\"\/><\/figure>\n<\/div>\n\n\n\n<div class=\"wp-block-column is-layout-flow wp-block-column-is-layout-flow\" style=\"flex-basis:66.66%\">\n<p>Ein Klinikaufenthalt ist immer mit Stress verbunden, der zu der bestehenden Erkrankung hinzu kommt. F\u00fcr \u00c4ltere ist diese doppelte Belastung besonders gravierend und kann den Genesungsverlauf ung\u00fcnstig beeinflussen.<\/p>\n\n\n\n<p>Um den Klinikaufenthalt m\u00f6glichst angenehm und stressfrei zu gestalten, sollten Umweltbedingungen, organisatorische Abl\u00e4ufe und Medizintechnik patientenfreundlich gestaltet werden, vor allem f\u00fcr \u00e4ltere Patienten. Eine solche Gestaltung hilft allen Patienten und entlastet das Pflegepersonal. In \u00e4hnlicher Weise ist f\u00fcr Senioren-Einrichtungen eine altersgerechte Gestaltung von Umwelt, Einrichtung und Abl\u00e4ufen wichtig, um die Lebensqualit\u00e4t und Gesundheit der Bewohner zu verbessern und das Pflegepersonal zu entlasten.<\/p>\n<\/div>\n<\/div>\n","protected":false},"excerpt":{"rendered":"<p>Ein Klinikaufenthalt ist immer mit Stress verbunden, der zu der bestehenden Erkrankung hinzu kommt. F\u00fcr \u00c4ltere ist diese doppelte Belastung besonders gravierend [&hellip;]<\/p>\n","protected":false},"author":1,"featured_media":0,"parent":0,"menu_order":0,"comment_status":"closed","ping_status":"closed","template":"page-templates\/page_fullwidth.php","meta":{"footnotes":""},"aioseo_notices":[],"_links":{"self":[{"href":"http:\/\/ala-institut.de\/index.php?rest_route=\/wp\/v2\/pages\/710"}],"collection":[{"href":"http:\/\/ala-institut.de\/index.php?rest_route=\/wp\/v2\/pages"}],"about":[{"href":"http:\/\/ala-institut.de\/index.php?rest_route=\/wp\/v2\/types\/page"}],"author":[{"embeddable":true,"href":"http:\/\/ala-institut.de\/index.php?rest_route=\/wp\/v2\/users\/1"}],"replies":[{"embeddable":true,"href":"http:\/\/ala-institut.de\/index.php?rest_route=%2Fwp%2Fv2%2Fcomments&post=710"}],"version-history":[{"count":7,"href":"http:\/\/ala-institut.de\/index.php?rest_route=\/wp\/v2\/pages\/710\/revisions"}],"predecessor-version":[{"id":737,"href":"http:\/\/ala-institut.de\/index.php?rest_route=\/wp\/v2\/pages\/710\/revisions\/737"}],"wp:attachment":[{"href":"http:\/\/ala-institut.de\/index.php?rest_route=%2Fwp%2Fv2%2Fmedia&parent=710"}],"curies":[{"name":"wp","href":"https:\/\/api.w.org\/{rel}","templated":true}]}}