{"id":654,"date":"2021-05-30T23:05:47","date_gmt":"2021-05-30T21:05:47","guid":{"rendered":"http:\/\/ala-institut.de\/?page_id=654"},"modified":"2022-11-24T11:15:34","modified_gmt":"2022-11-24T10:15:34","slug":"erfassung-mentaler-faehigkeiten","status":"publish","type":"page","link":"http:\/\/ala-institut.de\/?page_id=654","title":{"rendered":"Erfassung mentaler F\u00e4higkeiten"},"content":{"rendered":"\n<div class=\"wp-block-columns is-layout-flex wp-container-core-columns-is-layout-1 wp-block-columns-is-layout-flex\">\n<div class=\"wp-block-column is-layout-flow wp-block-column-is-layout-flow\" style=\"flex-basis:33.33%\">\n<figure class=\"wp-block-image size-large\"><img loading=\"lazy\" decoding=\"async\" width=\"758\" height=\"430\" src=\"http:\/\/ala-institut.de\/alawp\/wp-content\/uploads\/2021\/05\/shutterstock_216583876_15p-edited-1.jpg\" alt=\"\" class=\"wp-image-662\" srcset=\"http:\/\/ala-institut.de\/alawp\/wp-content\/uploads\/2021\/05\/shutterstock_216583876_15p-edited-1.jpg 758w, http:\/\/ala-institut.de\/alawp\/wp-content\/uploads\/2021\/05\/shutterstock_216583876_15p-edited-1-300x170.jpg 300w, http:\/\/ala-institut.de\/alawp\/wp-content\/uploads\/2021\/05\/shutterstock_216583876_15p-edited-1-230x130.jpg 230w, http:\/\/ala-institut.de\/alawp\/wp-content\/uploads\/2021\/05\/shutterstock_216583876_15p-edited-1-350x199.jpg 350w, http:\/\/ala-institut.de\/alawp\/wp-content\/uploads\/2021\/05\/shutterstock_216583876_15p-edited-1-480x272.jpg 480w\" sizes=\"(max-width: 758px) 100vw, 758px\" \/><\/figure>\n<\/div>\n\n\n\n<div class=\"wp-block-column is-layout-flow wp-block-column-is-layout-flow\" style=\"flex-basis:66.66%\">\n<p>Mentale (kognitive) F\u00e4higkeiten sind von zentraler Bedeutung f\u00fcr Alltag und Arbeit. Sie sind abh\u00e4ngig von verschiedenen Bedingungen, wie Lebensstil, Stress, Ern\u00e4hrung, Erkrankungen, sowie vom Alter.<\/p>\n\n\n\n<p>Das ALA-Institut ber\u00e4t Unternehmen und Kliniken zur Computer basierten Erfassung kognitiver Funktionen bei verschiedenen Personen- bzw. Patientengruppen, organisiert die Messung mit Hilfe von Notebooks und unterst\u00fctzt bei der Auswertung.<\/p>\n<\/div>\n<\/div>\n","protected":false},"excerpt":{"rendered":"<p>Mentale (kognitive) F\u00e4higkeiten sind von zentraler Bedeutung f\u00fcr Alltag und Arbeit. Sie sind abh\u00e4ngig von verschiedenen Bedingungen, wie Lebensstil, Stress, Ern\u00e4hrung, Erkrankungen, [&hellip;]<\/p>\n","protected":false},"author":1,"featured_media":0,"parent":0,"menu_order":0,"comment_status":"closed","ping_status":"closed","template":"page-templates\/page_fullwidth.php","meta":{"footnotes":""},"aioseo_notices":[],"_links":{"self":[{"href":"http:\/\/ala-institut.de\/index.php?rest_route=\/wp\/v2\/pages\/654"}],"collection":[{"href":"http:\/\/ala-institut.de\/index.php?rest_route=\/wp\/v2\/pages"}],"about":[{"href":"http:\/\/ala-institut.de\/index.php?rest_route=\/wp\/v2\/types\/page"}],"author":[{"embeddable":true,"href":"http:\/\/ala-institut.de\/index.php?rest_route=\/wp\/v2\/users\/1"}],"replies":[{"embeddable":true,"href":"http:\/\/ala-institut.de\/index.php?rest_route=%2Fwp%2Fv2%2Fcomments&post=654"}],"version-history":[{"count":3,"href":"http:\/\/ala-institut.de\/index.php?rest_route=\/wp\/v2\/pages\/654\/revisions"}],"predecessor-version":[{"id":740,"href":"http:\/\/ala-institut.de\/index.php?rest_route=\/wp\/v2\/pages\/654\/revisions\/740"}],"wp:attachment":[{"href":"http:\/\/ala-institut.de\/index.php?rest_route=%2Fwp%2Fv2%2Fmedia&parent=654"}],"curies":[{"name":"wp","href":"https:\/\/api.w.org\/{rel}","templated":true}]}}