{"id":567,"date":"2021-05-15T13:03:00","date_gmt":"2021-05-15T11:03:00","guid":{"rendered":"http:\/\/ala-institut.de\/?page_id=567"},"modified":"2022-11-24T11:15:52","modified_gmt":"2022-11-24T10:15:52","slug":"fahreignung-im-hoeheren-lebensalter","status":"publish","type":"page","link":"http:\/\/ala-institut.de\/?page_id=567","title":{"rendered":"Fahreignung im h\u00f6heren Lebensalter"},"content":{"rendered":"\n<div class=\"wp-block-columns is-layout-flex wp-container-core-columns-is-layout-1 wp-block-columns-is-layout-flex\">\n<div class=\"wp-block-column is-layout-flow wp-block-column-is-layout-flow\" style=\"flex-basis:33.33%\">\n<figure class=\"wp-block-image size-large\"><img loading=\"lazy\" decoding=\"async\" width=\"675\" height=\"450\" src=\"http:\/\/ala-institut.de\/alawp\/wp-content\/uploads\/2015\/12\/shutterstock_88472134_15p.jpg\" alt=\"\" class=\"wp-image-311\" srcset=\"http:\/\/ala-institut.de\/alawp\/wp-content\/uploads\/2015\/12\/shutterstock_88472134_15p.jpg 675w, http:\/\/ala-institut.de\/alawp\/wp-content\/uploads\/2015\/12\/shutterstock_88472134_15p-300x200.jpg 300w, http:\/\/ala-institut.de\/alawp\/wp-content\/uploads\/2015\/12\/shutterstock_88472134_15p-230x153.jpg 230w, http:\/\/ala-institut.de\/alawp\/wp-content\/uploads\/2015\/12\/shutterstock_88472134_15p-350x233.jpg 350w\" sizes=\"(max-width: 675px) 100vw, 675px\" \/><\/figure>\n<\/div>\n\n\n\n<div class=\"wp-block-column is-layout-flow wp-block-column-is-layout-flow\" style=\"flex-basis:66.66%\">\n<p>Mit zunehmendem Alter und bei vielen Alterserkrankungen kann die Fahreignung sich ver\u00e4ndern. Insbesondere Sehf\u00e4higkeiten und kognitive F\u00e4higkeiten, die f\u00fcr das Fahren unerl\u00e4sslich sind, nehmen h\u00e4ufig ab, was oft von den Betroffenen nicht bemerkt wird.<\/p>\n\n\n\n<p>Das ALA-Institut ber\u00e4t \u00c4rzte, \u00c4rzte-Organisationen, Kliniken, Polizei-Organe, \u00f6ffentliche Institutionen und Fahrlehrer zum Thema Fahreignung im Alter und bei Alterserkrankungen sowie zu Ma\u00dfnahmen zur F\u00f6rderung der Mobilit\u00e4t \u00c4lterer.<\/p>\n<\/div>\n<\/div>\n","protected":false},"excerpt":{"rendered":"<p>Mit zunehmendem Alter und bei vielen Alterserkrankungen kann die Fahreignung sich ver\u00e4ndern. Insbesondere Sehf\u00e4higkeiten und kognitive F\u00e4higkeiten, die f\u00fcr das Fahren unerl\u00e4sslich [&hellip;]<\/p>\n","protected":false},"author":1,"featured_media":0,"parent":0,"menu_order":0,"comment_status":"closed","ping_status":"closed","template":"page-templates\/page_fullwidth.php","meta":{"footnotes":""},"aioseo_notices":[],"_links":{"self":[{"href":"http:\/\/ala-institut.de\/index.php?rest_route=\/wp\/v2\/pages\/567"}],"collection":[{"href":"http:\/\/ala-institut.de\/index.php?rest_route=\/wp\/v2\/pages"}],"about":[{"href":"http:\/\/ala-institut.de\/index.php?rest_route=\/wp\/v2\/types\/page"}],"author":[{"embeddable":true,"href":"http:\/\/ala-institut.de\/index.php?rest_route=\/wp\/v2\/users\/1"}],"replies":[{"embeddable":true,"href":"http:\/\/ala-institut.de\/index.php?rest_route=%2Fwp%2Fv2%2Fcomments&post=567"}],"version-history":[{"count":3,"href":"http:\/\/ala-institut.de\/index.php?rest_route=\/wp\/v2\/pages\/567\/revisions"}],"predecessor-version":[{"id":741,"href":"http:\/\/ala-institut.de\/index.php?rest_route=\/wp\/v2\/pages\/567\/revisions\/741"}],"wp:attachment":[{"href":"http:\/\/ala-institut.de\/index.php?rest_route=%2Fwp%2Fv2%2Fmedia&parent=567"}],"curies":[{"name":"wp","href":"https:\/\/api.w.org\/{rel}","templated":true}]}}

Fahreignung im höheren Lebensalter

<div class="wp-block-columns is-layout-flex wp-container-core-columns-is-layout-1 wp-block-columns-is-layout-flex">
<div class="wp-block-column is-layout-flow wp-block-column-is-layout-flow" style="flex-basis:33.33%">
<figure class="wp-block-image size-large"><img loading="lazy" decoding="async" width="675" height="450" src="http://ala-institut.de/alawp/wp-content/uploads/2015/12/shutterstock_88472134_15p.jpg" alt="" class="wp-image-311" srcset="http://ala-institut.de/alawp/wp-content/uploads/2015/12/shutterstock_88472134_15p.jpg 675w, http://ala-institut.de/alawp/wp-content/uploads/2015/12/shutterstock_88472134_15p-300x200.jpg 300w, http://ala-institut.de/alawp/wp-content/uploads/2015/12/shutterstock_88472134_15p-230x153.jpg 230w, http://ala-institut.de/alawp/wp-content/uploads/2015/12/shutterstock_88472134_15p-350x233.jpg 350w" sizes="(max-width: 675px) 100vw, 675px" /></figure>
</div>



<div class="wp-block-column is-layout-flow wp-block-column-is-layout-flow" style="flex-basis:66.66%">
<p>Mit zunehmendem Alter und bei vielen Alterserkrankungen kann die Fahreignung sich verändern. Insbesondere Sehfähigkeiten und kognitive Fähigkeiten, die für das Fahren unerlässlich sind, nehmen häufig ab, was oft von den Betroffenen nicht bemerkt wird.</p>



<p>Das ALA-Institut berät Ärzte, Ärzte-Organisationen, Kliniken, Polizei-Organe, öffentliche Institutionen und Fahrlehrer zum Thema Fahreignung im Alter und bei Alterserkrankungen sowie zu Maßnahmen zur Förderung der Mobilität Älterer.</p>
</div>
</div>

<p>Mit zunehmendem Alter und bei vielen Alterserkrankungen kann die Fahreignung sich verändern. Insbesondere Sehfähigkeiten und kognitive Fähigkeiten, die für das Fahren unerlässlich [&hellip;]</p>
