{"id":548,"date":"2021-05-10T22:11:47","date_gmt":"2021-05-10T20:11:47","guid":{"rendered":"http:\/\/ala-institut.de\/?page_id=548"},"modified":"2021-05-31T12:52:28","modified_gmt":"2021-05-31T10:52:28","slug":"zur-person","status":"publish","type":"page","link":"http:\/\/ala-institut.de\/?page_id=548","title":{"rendered":"Zur Person"},"content":{"rendered":"\n<div class=\"wp-block-columns is-layout-flex wp-container-core-columns-is-layout-1 wp-block-columns-is-layout-flex\">\n<div class=\"wp-block-column is-layout-flow wp-block-column-is-layout-flow\" style=\"flex-basis:33.33%\">\n<figure class=\"wp-block-image size-large\"><a href=\"http:\/\/ala-institut.de\/alawp\/wp-content\/uploads\/2021\/05\/Falkenstein-3-11-mittel-scaled.jpg\"><img loading=\"lazy\" decoding=\"async\" width=\"768\" height=\"1024\" src=\"http:\/\/ala-institut.de\/alawp\/wp-content\/uploads\/2021\/05\/Falkenstein-3-11-mittel-768x1024.jpg\" alt=\"\" class=\"wp-image-694\" srcset=\"http:\/\/ala-institut.de\/alawp\/wp-content\/uploads\/2021\/05\/Falkenstein-3-11-mittel-768x1024.jpg 768w, http:\/\/ala-institut.de\/alawp\/wp-content\/uploads\/2021\/05\/Falkenstein-3-11-mittel-225x300.jpg 225w, http:\/\/ala-institut.de\/alawp\/wp-content\/uploads\/2021\/05\/Falkenstein-3-11-mittel-1152x1536.jpg 1152w, http:\/\/ala-institut.de\/alawp\/wp-content\/uploads\/2021\/05\/Falkenstein-3-11-mittel-1536x2048.jpg 1536w, http:\/\/ala-institut.de\/alawp\/wp-content\/uploads\/2021\/05\/Falkenstein-3-11-mittel-830x1107.jpg 830w, http:\/\/ala-institut.de\/alawp\/wp-content\/uploads\/2021\/05\/Falkenstein-3-11-mittel-230x307.jpg 230w, http:\/\/ala-institut.de\/alawp\/wp-content\/uploads\/2021\/05\/Falkenstein-3-11-mittel-350x467.jpg 350w, http:\/\/ala-institut.de\/alawp\/wp-content\/uploads\/2021\/05\/Falkenstein-3-11-mittel-480x640.jpg 480w, http:\/\/ala-institut.de\/alawp\/wp-content\/uploads\/2021\/05\/Falkenstein-3-11-mittel-scaled.jpg 1920w\" sizes=\"(max-width: 768px) 100vw, 768px\" \/><\/a><\/figure>\n<\/div>\n\n\n\n<div class=\"wp-block-column is-layout-flow wp-block-column-is-layout-flow\" style=\"flex-basis:66.66%\">\n<p><strong>Prof. em. Dr. med. Michael Falkenstein<\/strong>, Dipl.-Psych., Dipl.-Ing., geb. 1949, war 30 Jahre lang in leitender Funktion am Leibniz-Institut f\u00fcr Arbeitsforschung (IfADo) t\u00e4tig.<\/p>\n\n\n\n<p>Er hat sich dort zun\u00e4chst mit dem Thema der Erfassung mentaler Funktionen mit verhaltens- und neurowissenschaftlichen Methoden besch\u00e4ftigt.<\/p>\n\n\n\n<p>Ab dem Jahre 2000 hat er schwerpunktm\u00e4\u00dfig zum Thema mentale Ver\u00e4nderungen im h\u00f6heren Alter und deren Bedeutung f\u00fcr Arbeit und Mobilit\u00e4t geforscht.<\/p>\n\n\n\n<p>2012 hat er nebenberuflich das \u201eInstitut f\u00fcr Arbeiten Lernen Altern\u201c (ALA) in Bochum gegr\u00fcndet (ab 2021 ALA-Institut Professor Falkenstein), welches sich mit den Themen Erfassung mentaler Funktionen sowie Arbeit und Mobilit\u00e4t im h\u00f6heren Lebensalter besch\u00e4ftigt.<\/p>\n\n\n\n<p>Professor Falkenstein ber\u00e4t Unternehmen, \u00f6ffentlichen Institutionen und Kliniken zu den Themen Erfassung mentaler F\u00e4higkeiten, Erhalt und F\u00f6rderung der mentalen Kompetenz f\u00fcr \u00e4ltere Besch\u00e4ftigte und Senioren, Stress und Stressmanagement im betrieblichen Kontext sowie zur Fahreignung und zum Erhalt der Mobilit\u00e4t im h\u00f6heren Lebensalter.<\/p>\n\n\n\n<p>Zudem publiziert er zu den genannten Themen seit 1990 Artikel in nationalen und internationalen Zeitschriften und h\u00e4lt Vortr\u00e4ge.<\/p>\n<\/div>\n<\/div>\n","protected":false},"excerpt":{"rendered":"<p>Prof. em. Dr. med. Michael Falkenstein, Dipl.-Psych., Dipl.-Ing., geb. 1949, war 30 Jahre lang in leitender Funktion am Leibniz-Institut f\u00fcr Arbeitsforschung (IfADo) [&hellip;]<\/p>\n","protected":false},"author":1,"featured_media":0,"parent":0,"menu_order":0,"comment_status":"closed","ping_status":"closed","template":"page-templates\/page_fullwidth.php","meta":{"footnotes":""},"aioseo_notices":[],"_links":{"self":[{"href":"http:\/\/ala-institut.de\/index.php?rest_route=\/wp\/v2\/pages\/548"}],"collection":[{"href":"http:\/\/ala-institut.de\/index.php?rest_route=\/wp\/v2\/pages"}],"about":[{"href":"http:\/\/ala-institut.de\/index.php?rest_route=\/wp\/v2\/types\/page"}],"author":[{"embeddable":true,"href":"http:\/\/ala-institut.de\/index.php?rest_route=\/wp\/v2\/users\/1"}],"replies":[{"embeddable":true,"href":"http:\/\/ala-institut.de\/index.php?rest_route=%2Fwp%2Fv2%2Fcomments&post=548"}],"version-history":[{"count":4,"href":"http:\/\/ala-institut.de\/index.php?rest_route=\/wp\/v2\/pages\/548\/revisions"}],"predecessor-version":[{"id":696,"href":"http:\/\/ala-institut.de\/index.php?rest_route=\/wp\/v2\/pages\/548\/revisions\/696"}],"wp:attachment":[{"href":"http:\/\/ala-institut.de\/index.php?rest_route=%2Fwp%2Fv2%2Fmedia&parent=548"}],"curies":[{"name":"wp","href":"https:\/\/api.w.org\/{rel}","templated":true}]}}

<div class="wp-block-columns is-layout-flex wp-container-core-columns-is-layout-1 wp-block-columns-is-layout-flex">
<div class="wp-block-column is-layout-flow wp-block-column-is-layout-flow" style="flex-basis:33.33%">
<figure class="wp-block-image size-large"><a href="http://ala-institut.de/alawp/wp-content/uploads/2021/05/Falkenstein-3-11-mittel-scaled.jpg"><img loading="lazy" decoding="async" width="768" height="1024" src="http://ala-institut.de/alawp/wp-content/uploads/2021/05/Falkenstein-3-11-mittel-768x1024.jpg" alt="" class="wp-image-694" srcset="http://ala-institut.de/alawp/wp-content/uploads/2021/05/Falkenstein-3-11-mittel-768x1024.jpg 768w, http://ala-institut.de/alawp/wp-content/uploads/2021/05/Falkenstein-3-11-mittel-225x300.jpg 225w, http://ala-institut.de/alawp/wp-content/uploads/2021/05/Falkenstein-3-11-mittel-1152x1536.jpg 1152w, http://ala-institut.de/alawp/wp-content/uploads/2021/05/Falkenstein-3-11-mittel-1536x2048.jpg 1536w, http://ala-institut.de/alawp/wp-content/uploads/2021/05/Falkenstein-3-11-mittel-830x1107.jpg 830w, http://ala-institut.de/alawp/wp-content/uploads/2021/05/Falkenstein-3-11-mittel-230x307.jpg 230w, http://ala-institut.de/alawp/wp-content/uploads/2021/05/Falkenstein-3-11-mittel-350x467.jpg 350w, http://ala-institut.de/alawp/wp-content/uploads/2021/05/Falkenstein-3-11-mittel-480x640.jpg 480w, http://ala-institut.de/alawp/wp-content/uploads/2021/05/Falkenstein-3-11-mittel-scaled.jpg 1920w" sizes="(max-width: 768px) 100vw, 768px" /></a></figure>
</div>



<div class="wp-block-column is-layout-flow wp-block-column-is-layout-flow" style="flex-basis:66.66%">
<p><strong>Prof. em. Dr. med. Michael Falkenstein</strong>, Dipl.-Psych., Dipl.-Ing., geb. 1949, war 30 Jahre lang in leitender Funktion am Leibniz-Institut für Arbeitsforschung (IfADo) tätig.</p>



<p>Er hat sich dort zunächst mit dem Thema der Erfassung mentaler Funktionen mit verhaltens- und neurowissenschaftlichen Methoden beschäftigt.</p>



<p>Ab dem Jahre 2000 hat er schwerpunktmäßig zum Thema mentale Veränderungen im höheren Alter und deren Bedeutung für Arbeit und Mobilität geforscht.</p>



<p>2012 hat er nebenberuflich das „Institut für Arbeiten Lernen Altern“ (ALA) in Bochum gegründet (ab 2021 ALA-Institut Professor Falkenstein), welches sich mit den Themen Erfassung mentaler Funktionen sowie Arbeit und Mobilität im höheren Lebensalter beschäftigt.</p>



<p>Professor Falkenstein berät Unternehmen, öffentlichen Institutionen und Kliniken zu den Themen Erfassung mentaler Fähigkeiten, Erhalt und Förderung der mentalen Kompetenz für ältere Beschäftigte und Senioren, Stress und Stressmanagement im betrieblichen Kontext sowie zur Fahreignung und zum Erhalt der Mobilität im höheren Lebensalter.</p>



<p>Zudem publiziert er zu den genannten Themen seit 1990 Artikel in nationalen und internationalen Zeitschriften und hält Vorträge.</p>
</div>
</div>

<p>Prof. em. Dr. med. Michael Falkenstein, Dipl.-Psych., Dipl.-Ing., geb. 1949, war 30 Jahre lang in leitender Funktion am Leibniz-Institut für Arbeitsforschung (IfADo) [&hellip;]</p>
